nd w?
8
Suppose -2*j = -5*j + 96. Let l = 32 - 24. What is the greatest common factor of j and l?
8
Let v be 1 - -1 - (-23 - -1). Let h be (12/(-2))/(-2) + 9. Calculate the greatest common divisor of v and h.
12
Suppose 2*o + 11 + 13 = i, -2*o = 10. Calculate the highest common divisor of i and 14.
14
Let z(o) = -o**3 + o**2 - o + 1. Let r(y) = -38*y**3 - 4*y + 1. Let v(n) = r(n) - 2*z(n). Let i be v(-1). Calculate the greatest common factor of 7 and i.
7
Suppose -4*n + 94 = 3*y, y + 3*n + 0 = 33. What is the greatest common factor of 270 and y?
30
Let q be -2 + (1 - 156/(-2)). What is the highest common factor of q and 7?
7
Suppose -2*f + 20 = 3*f. Suppose 3*o - o = 0, u - f*o = 3. Let a be 20 + 1 + (1 - 1). What is the greatest common divisor of a and u?
3
Let f(k) = -k**3 - k**2 - k + 11. Let z be f(0). Suppose 4*u + q = z, 3*q + 6 - 3 = -3*u. Calculate the greatest common factor of u and 8.
4
Let b be (-1)/(-3 - (-2012)/672). What is the greatest common factor of b and 21?
21
Let j(b) = -b**3 - b + 35. Let f = -18 - -18. Let p be j(f). Calculate the highest common divisor of 5 and p.
5
Let t(k) = k**2 - 14*k - 22. Let p be t(16). What is the greatest common divisor of 70 and p?
10
Suppose -k = -4*k. Suppose -3*r + 7*r - 12 = 0. Suppose -r*j + 3 + k = 0. What is the greatest common factor of 1 and j?
1
Let d(j) = -j**2 - 5*j - 3. Let m be d(-4). Suppose -f + 7 = m. Suppose -5*g - 2*y = 0, -4*g + 5*y + 28 = y. What is the greatest common divisor of g and f?
2
Let q(d) = d + 50. Let z be q(0). Calculate the highest common factor of z and 20.
10
Let f(h) = h**2 + 7*h + 9. Let k be f(-6). Suppose 3*z = 3*m + 99, 5*z - k*m - 106 = 51. Calculate the greatest common divisor of 29 and z.
29
Suppose 10 = 4*j - 2. Let s = j + 3. Suppose 3*k - s = 0, c = 6*c + 4*k - 158. Calculate the highest common divisor of c and 6.
6
Let m be (8 - -2) + 0 + -3. Suppose -m*p + 3*p + 4 = 0. What is the greatest common divisor of 1 and p?
1
Let t(b) = -b**2 - 6*b + 7. Let f be t(-5). What is the greatest common divisor of f and 96?
12
Let p(y) = 4*y + 8. Let i = -5 - -15. Let x be p(i). Calculate the greatest common factor of x and 32.
16
Suppose 2*z + 2*z - 320 = 0. What is the highest common factor of z and 10?
10
Suppose -40 = -6*p + 2*p. Suppose -8 = -d + p. What is the highest common factor of 2 and d?
2
Suppose 0*a + 5*a = 0. Let v be 36 + a - (-3 - -4). Calculate the greatest common factor of v and 14.
7
Suppose 2*j - 567 = 2*l + 95, -j + 4*l = -325. Calculate the highest common factor of 37 and j.
37
Let n be (-2)/5 + (-32)/(-5). Calculate the greatest common factor of 9 and n.
3
Let a(d) = 4*d - 2. Let y be a(5). Let p = 49 + -22. Calculate the greatest common divisor of y and p.
9
Let t = 88 + -34. Let o be (-2)/(-4)*3*54. Calculate the highest common factor of t and o.
27
Let f = 9 - 6. Suppose 104 = -f*j + 7*j. What is the greatest common factor of 286 and j?
26
Suppose 190 = 5*q - d, q + 2*d + 0*d = 38. Let j(a) = -a**2 + a + 95. Let u be j(0). Calculate the greatest common divisor of q and u.
19
Suppose 2*z + 6 = 0, -483 = -5*d + 3*z - 7*z. Suppose 6*i = 281 - 227. Calculate the greatest common factor of i and d.
9
Let v(k) = k**3 - 5*k**2 - 10*k + 12. Let c be v(7). What is the greatest common factor of c and 320?
40
Let u be (-5)/(-5) + 2 + 0. Suppose 4*o = -4*m + u*o + 46, -4*m - 5*o = -38. What is the greatest common divisor of m and 48?
12
Let r = -31 + 48. Calculate the highest common factor of 51 and r.
17
Let h(z) = z**2 + 3*z + 2. Let w be h(-4). Let o = w + -4. Suppose -o*k = k - 42. Calculate the highest common divisor of k and 126.
14
Let n be 1 + 0/3 - 11. Let h = n + 17. Calculate the greatest common divisor of 7 and h.
7
Let p be (4/(-3) - -2)*-102. Let g = 113 + p. Suppose 3*v + v - 5*o = 46, -4*v + 3*o + 42 = 0. Calculate the highest common factor of g and v.
9
Let w = 0 - -3. Let k be ((-276)/(-4))/3 - w. What is the greatest common divisor of k and 50?
10
Suppose 3*x + 9 = -12. Let z(y) = y**2 - 6*y + 8. Let s be z(x). What is the greatest common divisor of 9 and s?
9
Let d(o) = o**2 - 4*o - 20. Let i be d(7). What is the greatest common divisor of 4 and i?
1
Let s(k) = 5*k - 3. Let x be s(4). Let f be 4/10*(x - 2). What is the greatest common factor of f and 42?
6
Let x be 3 - (41/(-3) - 6/(-9)). Let p(r) = -17*r - 5. Let l be p(-5). Calculate the highest common factor of x and l.
16
Let w = 16 - 12. Let s = w - -16. What is the highest common divisor of 220 and s?
20
Let f = -52 + 124. What is the highest common divisor of f and 180?
36
Suppose -7*n + 2*n = -5. Suppose -10*f + 56 - 6 = 0. Calculate the greatest common factor of n and f.
1
Let b(q) = q**2 + q - 3. Let s = -6 - -9. Let k be b(s). Calculate the greatest common divisor of 99 and k.
9
Let j be 2/(2*(-2)/(-18)). Suppose m - 495 = -5*l - 0*m, -m = 4*l - 396. Let b be 0/(5 + -1) + l. Calculate the greatest common divisor of b and j.
9
Suppose 5*p = -3*o - 39, 0 = 3*o + p + 16 + 11. Let s(m) = m**3 + 7*m**2 - 8*m + 9. Let r be s(o). Calculate the greatest common divisor of 18 and r.
9
Let u be 37/3 - (-8)/12. Suppose -x + r = -3*r + 11, -5*x - 5*r + 20 = 0. Let j be (-26)/8*-16*x. What is the greatest common divisor of u and j?
13
Let m be 13 + 4/4 - -4. Calculate the highest common divisor of 18 and m.
18
Let p(k) = -3*k - 7. Let u be p(-8). Let m = -22 + 13. Let o(f) = -f**3 - 8*f**2 - 6*f + 1. Let b be o(m). Calculate the greatest common divisor of u and b.
17
Let u(b) = 9*b**3. Let v be u(1). Suppose 5*d + 560 = v*d. Calculate the greatest common factor of 20 and d.
20
Let u = 42 + -60. Let r = u + 40. Suppose 0 = 3*k + q - 33, -2*k = -3*q - 10 - 12. Calculate the greatest common factor of r and k.
11
Let b be 6/(2/(20/6)). Calculate the highest common factor of b and 10.
10
Let n(q) = -4*q + 1. Suppose 3 = -v - 1. Let p be n(v). What is the greatest common factor of 187 and p?
17
Let y(a) = a**3 - 11*a**2 + 11*a - 5. Let c be y(10). Suppose 0*n - 180 = -3*u + c*n, 4*n - 60 = -u. What is the highest common factor of 15 and u?
15
Let g be 6/24 - 1/((-4)/107). Calculate the highest common divisor of 9 and g.
9
Let c be (-4 - (-15)/2)*(-1 + 3). What is the greatest common factor of 1 and c?
1
Suppose -2*o = -4*c - 3*o + 235, 0 = -o - 5. Calculate the greatest common factor of c and 40.
20
Let f = 114 - -131. Calculate the greatest common divisor of 35 and f.
35
Let y be (4 - 6)/((-1)/10). Suppose y = -2*v + 7*v. Suppose v*o - 2*c = 142, -4*o + 0*c = -5*c - 145. Calculate the greatest common divisor of 14 and o.
7
Let n be (-8)/(-28) - 23/7. Let i = 1 - n. Let j(x) = -x**3 + 4*x**2 + 6*x - 5. Let r be j(i). Calculate the greatest common factor of r and 95.
19
Suppose t - 3 = 5*j, -3*j - 12 = -4*t + 2*j. Suppose 0*b + 2*b + 2*r + 4 = 0, t*b + r - 2 = 0. Let u = b - -4. Calculate the highest common divisor of 15 and u.
3
Let l be -3 + 6/3 - -89. Calculate the highest common divisor of l and 11.
11
Let g be (-4)/(16/(-9))*4. Suppose 0 = o - g + 1. What is the greatest common divisor of 20 and o?
4
Let r(n) = -39*n**3 + n**2 + 2*n + 1. Let c be r(-1). Suppose 3*l + 0 - 6 = 0. Let v be 26*(6/(-4) + l). Calculate the highest common divisor of v and c.
13
Let o(y) = -y + 5. Let p be o(3). Suppose 0 = -j + p*r + r, 5*j = 3*r + 36. Calculate the greatest common divisor of j and 3.
3
Let a = 41 - 28. What is the greatest common factor of a and 104?
13
Let l = 7 + -4. Suppose 2*z = l*z - 5*v - 45, 3*v + 62 = 2*z. Suppose 2*d = -4*a + d + 29, 4*d - z = -3*a. What is the greatest common divisor of a and 1?
1
Let p be 3 - (2 - (-2 + 2)). Suppose b - 5 = 0, -3*b = -0*a - 4*a + p. Let h be a*(1 - (-5)/4). Calculate the greatest common divisor of h and 18.
9
Let o(p) = -p**3 - 7*p**2 - 6*p + 2. Let m be o(-6). What is the greatest common factor of 14 and m?
2
Suppose 16 = p + 2. What is the highest common factor of 70 and p?
14
Let l = 14 - 6. What is the highest common factor of l and 12?
4
Let s(o) = -o**2 - 6*o + 2. Let b be s(-9). Let f be (b/10)/(5/(-4)). What is the highest common divisor of f and 22?
2
Suppose -268 = -3*f - 5*i + 421, 3*i - 459 = -2*f. What is the highest common factor of 12 and f?
12
Let z = -64 + 169. Suppose 3*g + 2*g + z = 0. Let x be (-112)/g*1*15. What is t